**3 + 46*t**2 - 43*t - 11. Let b = 69 - 24. Calculate the remainder when w(b) is divided by z.
13
Suppose -2*n - 4*k = -9*k - 48, 2*n - 3*k - 44 = 0. Suppose 0 = f + 5*t - n, -2*f = -2*t - t - 25. Calculate the remainder when 797 is divided by f.
13
Let d = 201 + -86. Suppose -3*q + d = 97. Let s(j) = 3*j**2 - 8*j - 1. What is the remainder when s(q) is divided by 12?
11
Let s = -928 - -1384. Calculate the remainder when s is divided by 228.
0
Let t be (4/8 - 1)*-46. Suppose 0 = 3*a + t - 38. Suppose -a*r - 45 = -3*w, 7*r - 2*r - 35 = -5*w. Calculate the remainder when 19 is divided by w.
9
Let o(h) = -21*h**2 - 337*h - 13. Calculate the remainder when 251 is divided by o(-16).
2
Suppose -47*k + 19*k = -56. Suppose w = -k*l + 81, 0 = 3*l + 2*w - 86 - 34. Calculate the remainder when 166 is divided by l.
40
Suppose -97 = -3*o + 4*p, -5*o - 3*p = -3*o - 76. Suppose o*g = 41*g - 222. Calculate the remainder when 67 is divided by g.
30
Suppose -716 = -4*k + 5*i, 0 = k + 3*i - 42 - 137. Let t = 523 + -453. Suppose -177*z = -182*z + t. What is the remainder when k is divided by z?
11
Let b = 26 + 91. What is the remainder when b is divided by 45/180 - 940/(-16)?
58
Let d be (0 + (-74)/(-6))/(2/6). Let m(j) = -31 - 2*j + d - 2*j + j**2. What is the remainder when 74 is divided by m(-4)?
36
Let a = -205 + 284. Let f = 92 - a. What is the remainder when 72 is divided by f?
7
Calculate the remainder when (-612)/6732 + (-485)/11*-1 is divided by 38.
6
Suppose 6*a - 1300 = -0*a - 14*a. Calculate the remainder when 334 is divided by a.
9
Let v = -23 + 43. Suppose -45274*s + 45288*s = 224. Calculate the remainder when v is divided by s.
4
Let t be (-7)/(35/(-12)) - (-44)/(-110). Suppose -5*h - t*d + 442 = 0, 5*d - 3*d + 8 = 0. What is the remainder when h is divided by 19?
14
Let a = -10123 - -10132. Let m(q) = -q**3 + 2*q**2 + 2*q - 4. What is the remainder when m(-3) is divided by a?
8
Suppose u - 3*w = 234, -424*u + 283 = -423*u + 4*w. Calculate the remainder when 465 is divided by u.
210
Let u be 1 + (-5 - -1) + 139. Suppose -2*t = -i + u, 4*i - 819 + 319 = -3*t. Calculate the remainder when i is divided by 11.
7
Suppose -27*k + 36*k - 6372 = 0. Calculate the remainder when k is divided by 40.
28
Suppose -1671 + 477 = -3*j + 3*r, 3*r - 406 = -j. What is the remainder when j is divided by 51?
43
Let w = 155 + -58. Let a be (-13 + -3 + 7)*1/(-3). Suppose -j + 18 = o, a*o + 3*j = 4*j + 62. Calculate the remainder when w is divided by o.
17
Let l = 1187 - 769. Suppose 5*o + 18 - 3 = 0, -2*w - 5*o = -25. Calculate the remainder when l is divided by w.
18
Let y(a) = a**3 - 37*a**2 + 75*a - 1249. What is the remainder when y(42) is divided by 28?
25
Let h(o) = 127*o**3 - 25*o**2 + 13*o - 3. What is the remainder when h(2) is divided by 22?
15
Suppose 0 = 4*u - 420 - 212. Suppose -3*n + 5*s + 44 = 0, -61 = -2*n - 40*s + 37*s. What is the remainder when u is divided by n?
20
Suppose 0 = 4*l + 4*y - 340, l - y = 5*l - 316. Calculate the remainder when 164 is divided by l.
10
Suppose -35*g + 76 - 256 = -37*g. Calculate the remainder when 255 is divided by g.
75
Suppose -2*h + 7*h = 20. Suppose 2*b + 5*z - 5 = -3, -5*b - 2*z + 26 = 0. Suppose 0 = 13*l - b*l - 49. What is the remainder when l is divided by h?
3
Let g = 2 + 2. Suppose 2*l = -g*p + 86, -p + 52 = p + 4*l. Suppose 2*b + 0*m = -2*m + p, -5*b + m + 26 = 0. What is the remainder when 10 is divided by b?
4
Let f = 10320 + -9271. Calculate the remainder when f is divided by 119.
97
Let j = -2606 + 4186. Suppose 7*s - j = 3*s. Calculate the remainder when s is divided by 33.
32
Calculate the remainder when 462 is divided by (-3 + (7 - -2))/((-11)/((-3366)/4)).
3
Suppose -2*s - 148 + 1144 = i, -6*i = -3*s + 1494. Calculate the remainder when 2000 is divided by s.
8
Let u(s) = 8*s**2 - 7*s**2 + 2*s + 0*s**2 + 45. Let d(w) = w + 6. What is the remainder when u(0) is divided by d(6)?
9
Let z(o) = -o**2 - 213*o + 3675. What is the remainder when 27 is divided by z(16)?
5
Suppose 8 = 323*n - 319*n. What is the remainder when 1352 is divided by n?
0
Suppose 2*j + 5*r = r - 8, j + 4*r = -6. Calculate the remainder when (-5)/((-25)/15) - j is divided by (1 + 66/(-12))/(15/(-10)).
2
Let a(s) = 3*s**3 + 62*s**2 - 12*s + 194. Let h(l) = -l**2 + 2*l - 2. Let o be h(2). Let y = 2 - o. Calculate the remainder when a(-21) is divided by y.
1
Let n(q) = 3 - 3*q + 1 + 3*q - 2*q - 8. Let a = 20 + -29. What is the remainder when 67 is divided by n(a)?
11
Let t(g) = g**3 + 26*g**2 + 73*g - 89. Calculate the remainder when t(-21) is divided by 65.
63
Suppose -5*u + 57 = -18. Suppose 14*x = -6*b + 13*x + 178, 4*b - 84 = -5*x. What is the remainder when b is divided by u?
1
Suppose -6 = -2*x, -3*x + 57 = 10*f - 8*f. Let t be 1 + 0/(-3) - -12. What is the remainder when (78260/f)/t - 1/(-6) is divided by 23?
21
Let v(c) = -c**3 + 6*c**2 - c - 6. Suppose 4*b - 7*b - 27 = 0. Let x = b - -14. What is the remainder when 53 is divided by v(x)?
11
Suppose 10381 + 3043 = 4*j + 4*d, -2*j + 3*d = -6682. Calculate the remainder when j is divided by 8.
6
Suppose -5*a - 18 = -49*j + 47*j, 0 = 3*a + 6. Suppose -2*z = -4*v + 264, -z + 66 = -3*v + j*v. What is the remainder when 261 is divided by v?
63
Let j = 12351 - 12305. What is the remainder when 924 is divided by j?
4
Suppose 397 = -s + 4*o + 1139, 0 = -2*s - 4*o + 1520. What is the remainder when s is divided by (-6)/72*4*(0 - 84)?
26
Let d = -24 + 34. Suppose 5 = 5*j - d. Suppose -j*c + 38 + 19 = 0. Calculate the remainder when c is divided by 7.
5
Let d(u) = -45*u - 2196. What is the remainder when d(-81) is divided by 180?
9
Let w = 44 + -42. Suppose -m - w*y = -121 + 51, 3*y - 255 = -4*m. Calculate the remainder when 178 is divided by m.
58
Let o(y) = -y + 14. Let t = 7 + 2. Suppose 2*v = t*v + 42. What is the remainder when 98 is divided by o(v)?
18
Let l = 4988 + -2653. Suppose -14*i = -997 - l. Calculate the remainder when i is divided by 20.
18
Let k be ((-2)/7)/((-39)/273). Let z(p) = 19*p**3 - 8*p + 9. What is the remainder when z(k) is divided by 55?
35
Suppose 12*i - 5*i - 440 = -4*i. Calculate the remainder when 477 is divided by i.
37
Let x(l) = -l**3 + 39*l**2 + 94*l - 57. Calculate the remainder when x(41) is divided by 119.
78
Suppose 324*r = -975*r + 93528. Calculate the remainder when (278/(-3))/(3/(-9)) is divided by r.
62
Suppose 16*n - 1503 - 1217 = 0. Let u = n - 11. Calculate the remainder when u is divided by 27.
24
Let c(h) = -4*h - 108. Suppose -5*t = 5*g - 305, 5*g + 6*t = 8*t + 312. Calculate the remainder when g is divided by c(-28).
2
Let q(m) = 12*m - 124. Let i be q(18). Calculate the remainder when 130 is divided by (-1)/(6/i*(-40)/60).
15
Suppose -75 = 7*d - 544. Suppose 0 = 6*z - 68 - 16. What is the remainder when d is divided by z?
11
Let i = 36 - -70. Let f(x) = 4*x**2 - 2*x - 4*x**3 + 19*x**2 - 2 + 3*x**3 - 42*x**2. Calculate the remainder when i is divided by f(-19).
34
Let r = -162 - 4. Let h = -85 - r. Calculate the remainder when h is divided by 22.
15
Suppose -6*m + 662 = 380. Suppose 88 = 4*r - 3*r. Calculate the remainder when r is divided by m.
41
Let l(t) = 12*t + 4. What is the remainder when l(2) is divided by (39/(234/80))/(0 - 2/(-3))?
8
Let m be ((6/10)/1)/(4/(-20)). Let j(w) = -w - 1. Let p be j(m). Suppose -p*r + 5 = -73. What is the remainder when r is divided by 10?
9
Let h(w) = w**2 + w + 4. Let s be h(3). Suppose 9 + s = 5*g, -35 = -2*i - 3*g. Calculate the remainder when 198 is divided by i.
8
Let k(a) = 11*a**2 - 60*a + 5. What is the remainder when k(10) is divided by 37?
24
What is the remainder when (-19)/38 + (-7)/2 + 4 + 87 is divided by 30?
27
Suppose -5*k = -i + 30, 0 = 4*i - 2*k + 7*k - 20. What is the remainder when 46 - 1 - (-17 + -13 + 52) is divided by i?
3
Suppose 81 = 5*q - 4. Suppose 17*v - 2125 + 442 = 0. Calculate the remainder when v is divided by q.
14
Suppose b = -29 + 88. Calculate the remainder when b is divided by ((-85)/(2550/(-1440)))/(1 + (-3)/(-6)).
27
Suppose -9120 = 9*y - 49*y - 40*y. Calculate the remainder when y is divided by 106.
8
Suppose 5*x - 665 = 10*x. Let t = x + 162. Calculate the remainder when t is divided by 11.
7
Let q be (112/(-42))/8*(-39)/1. Let l(y) = y**2 - 3 - 5 - 12*y + 1. Wha